8*f + 3. Let t be k(18). Suppose 3*u - 720 = -t*u. What is the highest common divisor of u and d?
15
Suppose -54 = -14*d - 13*d. What is the greatest common factor of 158 and d?
2
Let h = 148 + 52. Let u be 1 + -2 + 3/3. Suppose 205 = -0*d + 5*d + 4*y, -5*d - 5*y + h = u. What is the greatest common divisor of 18 and d?
9
Let y be ((-9)/12)/((-2)/360). Suppose 66*x - 69*x - 78 = -t, 446 = 5*t - x. Calculate the greatest common factor of y and t.
45
Let l = -9 + -28. Let g = l + 51. What is the greatest common divisor of 7 and g?
7
Suppose 0*v + 4*v = 452. Suppose v = 3*b - s, 3*s - 7 = 5. Let g = -1 + 14. Calculate the greatest common divisor of b and g.
13
Let g = 4 + -4. Suppose -4*i = -g*i. Suppose i*p + 2*p - 24 = 0. What is the greatest common factor of p and 30?
6
Suppose -2*j = -5*j - 198. Let h = 106 + j. Calculate the greatest common divisor of h and 10.
10
Let x = 941 - 905. Calculate the highest common factor of 8 and x.
4
Suppose -3*l - 4*w + 129 = w, 3*l - 129 = -3*w. What is the greatest common divisor of l and 1591?
43
Suppose -3*k + 32 = x, -3*k - 188 = -7*x + 3*x. Let l = -28 + x. Suppose 3*w = 0, 3*i - 336 = 5*w - 0*w. Calculate the highest common divisor of i and l.
16
Suppose -4*w + 28 = -5*f, 3*w + 4*f - 40 = w. Calculate the highest common factor of 132 and w.
12
Suppose -147*n + 159*n - 1728 = 0. What is the greatest common divisor of 126 and n?
18
Let r(m) = m**3 + 7*m**2 - 8*m + 1. Let n be r(-8). Let u(j) = -j**3 + 12*j**2 - 12*j + 22. Let l be u(11). What is the greatest common divisor of l and n?
1
Suppose 0 = 2*l + 2*w + 2, 4*w + 1 = 3*l - 3. Let f(o) = 2*o + 2. Let c be f(l). Suppose 120 = c*a + a. Calculate the greatest common factor of 20 and a.
20
Let s = 21 + -10. Suppose 0 = 12*m - s*m + 5. Let u be (-5 - -2 - m) + 0. Calculate the greatest common factor of 16 and u.
2
Let w(m) = m**3 - 2*m**2 - m + 2. Let j be w(3). Let h = j - 8. Suppose -106 = -5*a + 4*g, -a = -h*a + 3*g - 6. What is the highest common divisor of 9 and a?
9
Let p(t) = t**2 + 6*t - 35. Let f be p(8). What is the greatest common divisor of 11 and f?
11
Let z be ((-55)/4)/(1/(-4)). Suppose -2*x + 3 = x - 5*h, 5*x - 5 = 5*h. Let a be -1 + 0/x + 23. Calculate the highest common divisor of z and a.
11
Suppose 16*q - 89 = 7. Let b = 41 - 37. Calculate the highest common divisor of b and q.
2
Let f be -1*(2 - 0) - -7. Let w be 44/(-154) - (90/(-21) + -1). What is the highest common divisor of f and w?
5
Let c be (-2 + 1)/(-1 - 0). Let u be -32*(c - (1 + 1)). Let v = 64 - u. Calculate the greatest common factor of 4 and v.
4
Suppose -3*q + 1 = 3*h - 8, 0 = -3*h + q + 5. Suppose -18 = h*x - 5*x. Let s = -94 + 100. Calculate the highest common divisor of x and s.
6
Let a = -1623 - -1642. Let j = 91 - 40. Suppose -139 - j = -5*y. Calculate the highest common factor of y and a.
19
Suppose 5*h - 2874 = -3*w, -2*w - 580 = h - 2*h. What is the highest common divisor of h and 18?
18
Suppose 0 = 5*m - 8 - 7. Let u be m/(-1) - (4/4 + -164). What is the greatest common divisor of u and 20?
20
Suppose -3*f - 2*f + 20 = 0. Let t be ((-162)/(-21))/(1 - (-11)/(-14)). Calculate the greatest common divisor of t and f.
4
Let k = -1606 + 1625. Calculate the greatest common factor of 1691 and k.
19
Let g(c) = 2*c**2 - 17*c + 71. Let r(i) = -i**2 + 9*i - 35. Let y(h) = -4*g(h) - 9*r(h). Let l be y(10). Calculate the greatest common divisor of l and 2.
1
Suppose 3*s = c + c + 13, 2 = s - 3*c. Suppose 108 = s*l - l. Let b(v) = -16*v + 2. Let n be b(-1). Calculate the highest common divisor of l and n.
9
Suppose 5*o = 2*s - 5, 4*o + 0*o = -2*s + 14. Suppose 8*j = s*j + 120. What is the greatest common divisor of 8 and j?
8
Suppose 5*j = -4*t - 151, 0*j - 3*t - 121 = 4*j. Let g be (-2 + j)*(-6)/(-18). Let z = g + 31. Calculate the highest common factor of 20 and z.
20
Let f = 166 + -141. Calculate the greatest common factor of 225 and f.
25
Suppose 2*u + 2*u - 2*c + 20 = 0, 20 = -5*u + 5*c. Suppose 5*a - 12 = a. Let i be a*(0 + (-2)/u). Calculate the highest common factor of i and 8.
1
Suppose -2*h = 1 - 5. Suppose -39 + 11 = -h*a. Calculate the greatest common divisor of 28 and a.
14
Suppose 0*v - 90 = -5*v. Let b = 10 + -5. Suppose -x = b, -r + x + 36 = -5. Calculate the highest common factor of r and v.
18
Suppose 11*j = 6*j + 525. What is the highest common factor of 75 and j?
15
Let u be (3/(-2))/(6/(-8)). Let y = 67 + -62. What is the highest common factor of y and u?
1
Suppose 190 = g - 2*z - 58, 3*z - 268 = -g. What is the greatest common factor of 8 and g?
8
Let d(g) = -9*g + 3. Let p be d(-7). Suppose -2*n + p = n. Let s be (-158)/(-1) + (-38 - -34). What is the greatest common divisor of n and s?
22
Let k(l) = l + 272. Let i be k(18). Calculate the highest common divisor of i and 20.
10
Suppose -15*r - 379 + 754 = 0. Calculate the highest common factor of 100 and r.
25
Suppose 16 - 1 = 5*t. Suppose -t*f + 174 = 5*l - 2*l, 5*l + f = 298. Let d = 12 + 0. Calculate the greatest common factor of d and l.
12
Let f(m) = -370*m - 205. Let b be f(-5). What is the highest common divisor of 35 and b?
35
Let u(b) = -9*b + 333. Let n be u(-38). Calculate the highest common factor of n and 25.
25
Let u(g) = 78*g**2 + g - 4. Let k be u(-2). What is the greatest common factor of k and 34?
34
Let j(k) = -k**2 + 12*k + 243. Let u be j(21). Let w = -49 + 76. What is the highest common factor of w and u?
27
Let h = 134 + -94. Suppose 3*x + 4*v = 312, 4*x - 2*v - 263 = 131. Calculate the greatest common divisor of h and x.
20
Suppose -2*y = 2*y - 88. Let v(b) = -1 - 23 + 6*b - 29 - 28. Let d be v(19). What is the greatest common factor of y and d?
11
Suppose 6 = 2*v - 0*v. Suppose -2*f - v*i = -95 - 15, 4*f - 5*i = 242. Suppose 3*g - 32 - f = 0. Calculate the greatest common divisor of g and 20.
10
Let g be 312/76 - (-2 - (-240)/114). Calculate the highest common divisor of 8 and g.
4
Let w(c) be the first derivative of c**4/4 - c**3/3 - 3*c**2/2 - 6*c - 12. Let x be w(3). What is the greatest common divisor of 21 and x?
3
Suppose -4*q + 525 = 3*q. What is the greatest common factor of q and 135?
15
Suppose -48 - 4 = -2*t. Let x = 114 + -112. Suppose -2 = 2*l + 5*q, -2*l - x*l + 5*q + t = 0. What is the greatest common factor of 4 and l?
4
Suppose -2880 = 3*y - 7*y. Calculate the highest common factor of y and 45.
45
Let g = -423 - -259. Let w = g + 319. Suppose -k = -5*a - 3*k + w, -3*k = 4*a - 117. Calculate the highest common divisor of a and 3.
3
Let q = -178 - -88. Let g = q - -96. Calculate the greatest common factor of g and 24.
6
Let c(y) = y**3 + 27*y**2 + 68*y - 13. Let h be c(-23). Calculate the greatest common divisor of h and 49.
49
Let o = -13 - -24. Let q = o + -2. Let y(t) = t**2 - t - 2. Let i be y(q). What is the greatest common factor of 28 and i?
14
Let x = -81 - -216. What is the greatest common divisor of x and 30?
15
Let j = -12 + 6. Let w be ((-81)/2)/(j/16). Let z(l) = 2*l**3 + 12*l**2 - 17*l - 9. Let b be z(-7). Calculate the highest common divisor of w and b.
12
Let c be ((-3)/6)/((-4)/576). Let v = 191 + -173. Calculate the highest common factor of c and v.
18
Let g = 52 + -13. Suppose 0 = 3*w - 0*w - g. What is the greatest common factor of w and 91?
13
Suppose 9*x - 65 = 25. Suppose -4*k = -x*k + 84. Calculate the highest common factor of k and 98.
14
Let r = -8 - -20. Suppose -3*b - 2*g = b - r, 3*b + 5*g - 2 = 0. Suppose v + b*l - 1 = 0, -5*l + 11 = 2*v - 6. Calculate the greatest common factor of 21 and v.
21
Let y = 10 - 0. Suppose -4*g + 0 = -8. Let w be (g + -3)*-3 + 67. What is the highest common factor of y and w?
10
Let x(y) = -y**3 + 4*y**2 + 11*y + 1. Let g be x(6). Let s(t) = 16*t**2 - 2*t - 26. Let m be s(g). What is the highest common factor of 48 and m?
48
Let c be (2 + -1)/((-4)/(-936)). Let y be (c/(-27))/((-4)/6). What is the greatest common divisor of 65 and y?
13
Suppose -22*a + 748 = 12*a. What is the highest common factor of 1507 and a?
11
Let f(c) = -c + 2. Let h be f(2). Let x be (0 - h/1) + 96/1. Calculate the greatest common factor of x and 12.
12
Let a(v) = 6*v**2 - 2*v + 3. Let j be a(-3). Calculate the greatest common factor of j and 7.
7
Suppose 52 + 76 = 2*l + 2*w, -2*l = -4*w - 122. Calculate the greatest common fac